
1
What is the hundreds digit of 9001?
0
What is the units digit of 64966?
6
What is the units digit of 7800?
0
What is the thousands digit of 2635?
2
What is the thousands digit of 71506?
1
What is the thousands digit of 3880?
3
What is the tens digit of 828?
2
What is the tens digit of 4845?
4
What is the tens digit of 89448?
4
What is the tens digit of 820?
2
What is the tens digit of 613?
1
What is the units digit of 17399?
9
What is the thousands digit of 2034?
2
What is the tens digit of 585?
8
What is the tens digit of 733?
3
What is the tens digit of 58?
5
What is the units digit of 3679?
9
What is the hundreds digit of 1024?
0
What is the tens digit of 29146?
4
What is the hundreds digit of 1061?
0
What is the hundreds digit of 1918?
9
What is the hundreds digit of 276?
2
What is the units digit of 1783?
3
What is the hundreds digit of 734?
7
What is the thousands digit of 23271?
3
What is the units digit of 1068?
8
What is the units digit of 4680?
0
What is the hundreds digit of 3432?
4
What is the thousands digit of 2784?
2
What is the units digit of 597?
7
What is the units digit of 1426?
6
What is the tens digit of 1306?
0
What is the hundreds digit of 29924?
9
What is the units digit of 819?
9
What is the units digit of 7705?
5
What is the units digit of 1346?
6
What is the hundreds digit of 3736?
7
What is the hundreds digit of 56946?
9
What is the hundreds digit of 37953?
9
What is the hundreds digit of 70239?
2
What is the hundreds digit of 665?
6
What is the hundreds digit of 826?
8
What is the hundreds digit of 6742?
7
What is the hundreds digit of 32094?
0
What is the units digit of 41?
1
What is the hundreds digit of 653?
6
What is the units digit of 8360?
0
What is the hundreds digit of 32112?
1
What is the tens digit of 942?
4
What is the tens digit of 2566?
6
What is the tens digit of 27023?
2
What is the tens digit of 4232?
3
What is the hundreds digit of 557?
5
What is the thousands digit of 44279?
4
What is the hundreds digit of 849?
8
What is the ten thousands digit of 12782?
1
What is the hundreds digit of 7934?
9
What is the hundreds digit of 3484?
4
What is the hundreds digit of 5763?
7
What is the thousands digit of 4847?
4
What is the hundreds digit of 638?
6
What is the units digit of 38032?
2
What is the hundreds digit of 32529?
5
What is the tens digit of 7407?
0
What is the tens digit of 4074?
7
What is the hundreds digit of 6737?
7
What is the hundreds digit of 1529?
5
What is the units digit of 700?
0
What is the tens digit of 3650?
5
What is the units digit of 1751?
1
What is the units digit of 32310?
0
What is the units digit of 13367?
7
What is the tens digit of 7878?
7
What is the tens digit of 504?
0
What is the units digit of 1806?
6
What is the units digit of 70783?
3
What is the tens digit of 204?
0
What is the hundreds digit of 233?
2
What is the tens digit of 11587?
8
What is the units digit of 5428?
8
What is the hundreds digit of 9982?
9
What is the hundreds digit of 5563?
5
What is the thousands digit of 66978?
6
What is the thousands digit of 12209?
2
What is the thousands digit of 5942?
5
What is the ten thousands digit of 39277?
3
What is the tens digit of 1982?
8
What is the thousands digit of 10452?
0
What is the units digit of 254?
4
What is the tens digit of 29083?
8
What is the thousands digit of 1109?
1
What is the tens digit of 434?
3
What is the thousands digit of 6875?
6
What is the thousands digit of 8402?
8
What is the units digit of 65315?
5
What is the units digit of 2083?
3
What is the thousands digit of 11852?
1
What is the hundreds digit of 1751?
7
What is the tens digit of 49733?
3
What is the thousands digit of 1776?
1
What is the hundreds digit of 3256?
2
What is the thousands digit of 94355?
4
What is the hundreds digit of 16182?
1
What is the tens digit of 2709?
0
What is the tens digit of 843?
4
What is the tens digit of 8443?
4
What is the units digit of 746?
6
What is the ten thousands digit of 72447?
7
What is the units digit of 637?
7
What is the tens digit of 80?
8
What is the tens digit of 8920?
2
What is the tens digit of 2336?
3
What is the tens digit of 1909?
0
What is the tens digit of 1844?
4
What is the units digit of 1401?
1
What is the tens digit of 9506?
0
What is the hundreds digit of 6791?
7
What is the thousands digit of 195332?
5
What is the hundreds digit of 2191?
1
What is the units digit of 15213?
3
What is the tens digit of 2093?
9
What is the tens digit of 8979?
7
What is the units digit of 10643?
3
What is the thousands digit of 26857?
6
What is the hundreds digit of 64533?
5
What is the units digit of 795?
5
What is the thousands digit of 7333?
7
What is the hundreds digit of 30655?
6
What is the tens digit of 5306?
0
What is the thousands digit of 3051?
3
What is the hundreds digit of 4939?
9
What is the thousands digit of 7639?
7
What is the units digit of 12106?
6
What is the tens digit of 1678?
7
What is the hundreds digit of 139?
1
What is the hundreds digit of 2276?
2
What is the units digit of 603?
3
What is the tens digit of 5029?
2
What is the units digit of 44557?
7
What is the units digit of 5836?
6
What is the units digit of 14298?
8
What is the units digit of 4446?
6
What is the units digit of 1601?
1
What is the hundreds digit of 2770?
7
What is the units digit of 23147?
7
What is the hundreds digit of 10495?
4
What is the thousands digit of 33318?
3
What is the ten thousands digit of 21607?
2
What is the hundreds digit of 15031?
0
What is the units digit of 35612?
2
What is the tens digit of 43909?
0
What is the ten thousands digit of 16770?
1
What is the hundreds digit of 11630?
6
What is the tens digit of 2058?
5
What is the thousands digit of 1079?
1
What is the hundreds digit of 934?
9
What is the tens digit of 54292?
9
What is the thousands digit of 1603?
1
What is the units digit of 316?
6
What is the thousands digit of 2270?
2
What is the units digit of 2642?
2
What is the units digit of 4483?
3
What is the units digit of 1230?
0
What is the tens digit of 8019?
1
What is the hundreds digit of 6085?
0
What is the units digit of 6084?
4
What is the hundreds digit of 3074?
0
What is the tens digit of 9179?
7
What is the units digit of 671?
1
What is the ten thousands digit of 41143?
4
What is the tens digit of 1598?
9
What is the thousands digit of 2736?
2
What is the hundreds digit of 9042?
0
What is the hundreds digit of 21582?
5
What is the tens digit of 31783?
8
What is the ten thousands digit of 93325?
9
What is the units digit of 1109?
9
What is the hundreds digit of 2045?
0
What is the thousands digit of 25419?
5
What is the units digit of 55591?
1
What is the ten thousands digit of 29218?
2
What is the ten thousands digit of 15721?
1
What is the tens digit of 74327?
2
What is the units digit of 300?
0
What is the hundreds digit of 42824?
8
What is the tens digit of 14842?
4
What is the hundreds digit of 697?
6
What is the tens digit of 734?
3
What is the ten thousands digit of 65123?
6
What is the hundreds digit of 203?
2
What is the hundreds digit of 2769?
7
What is the tens digit of 11142?
4
What is the units digit of 13?
3
What is the thousands digit of 2812?
2
What is the hundreds digit of 988?
9
What is the tens digit of 59330?
3
What is the tens digit of 21033?
3
What is the tens digit of 3969?
6
What is the thousands digit of 2615?
2
What is the hundreds digit of 1115?
1
What is the units digit of 2269?
9
What is the hundred thousands digit of 119763?
1
What is the units digit of 747?
7
What is the units digit of 274?
4
What is the hundreds digit of 3838?
8
What is the tens digit of 55483?
8
What is the hundreds digit of 35577?
5
What is the units digit of 71?
1
What is the ten thousands digit of 11823?
1
What is the hundreds digit of 43951?
9
What is the thousands digit of 1428?
1
What is the tens digit of 4352?
5
What is the hundreds digit of 4502?
5
What is the units digit of 2657?
7
What is the hundreds digit of 19716?
7
What is the hundred thousands digit of 117035?
1
What is the units digit of 2410?
0
What is the tens digit of 56?
5
What is the units digit of 820?
0
What is the hundreds digit of 6090?
0
What is the hundreds digit of 1791?
7
What is the units digit of 653?
3
What is the units digit 